s of n?
97
Let v = 56 - 53. Let k(w) = -2*w**3 + 4*w**2 - 2 - v + 16*w + 2*w**2 + w**3. What are the prime factors of k(7)?
2, 29
Suppose 0 = -22*r - 32*r + 171668 + 207844. What are the prime factors of r?
2, 7, 251
Let n(b) = b**3 + b**2 + b + 187. Let d = 55 + -55. Let t be n(d). Let j = 12 + t. List the prime factors of j.
199
Suppose -2*v + 2878 = 3*d, -143*v + 4*d = -142*v - 1450. List the prime factors of v.
2, 7, 103
Let g(j) = 5 + 16*j + 8*j + 83 - 1. What are the prime factors of g(3)?
3, 53
List the prime factors of 9/27 - (-130)/117*33198/4.
2, 3, 29, 53
What are the prime factors of (-3488184)/(-384) + 21/112?
2, 3, 757
Suppose l = -2*q + 13965, -3*l = -11*q + 6*q - 41939. What are the prime factors of l?
89, 157
Let r(q) = -q + 30. Let x be r(25). Let m(b) = -x*b - 4 - 16*b**3 - 10*b**3 + 30*b**3 + b**2. What are the prime factors of m(3)?
2, 7
Let p(i) = i**2 + 6. Let x be p(0). Let w be 2 + 1 - 10*(-144)/(-60). Let g = x - w. List the prime factors of g.
3
Suppose 0 = 5*b - 4*a - 7667 - 13931, -4*a + 8628 = 2*b. List the prime factors of b.
2, 17, 127
Let j(m) = -3*m**2 + m + 5. Let g(l) = -5*l**2 + 2*l + 11. Let n(o) = 4*g(o) - 9*j(o). List the prime factors of n(-9).
5, 23
Suppose 282950 - 7639 = 107*h. List the prime factors of h.
31, 83
Let m(s) = 93*s**2 + 6*s - 4. Let z(p) = -3*p. Let j(h) = h. Let r(k) = -2*j(k) - z(k). Let w(n) = m(n) - 4*r(n). List the prime factors of w(1).
7, 13
Suppose -2*a + 74 = -772. Suppose a = -4*b - 69. Let r = 233 + b. What are the prime factors of r?
2, 5, 11
Suppose -3*n - 109*d + 12660 = -114*d, d = n - 4218. What are the prime factors of n?
3, 5, 281
List the prime factors of (-18)/12 + (-5 - (-205272)/16).
12823
Let p(g) = g**2 - 12*g + 41. Let a be p(8). List the prime factors of ((-57)/a + -3)*-3.
2, 7
Let a be 6*10/4 + -4. Let h = 45 - a. Suppose -c - h = -96. What are the prime factors of c?
2, 31
Suppose -168*n + 4 = -164*n, q + 5*n - 36404 = 0. List the prime factors of q.
3, 11, 1103
Suppose 0 = 5*r - a + 2, -5*r - 2*a + 3 = -1. Suppose r = -8*y + 29 + 11. Suppose -y = -m, 3*m + 46 + 23 = 3*q. List the prime factors of q.
2, 7
Suppose 4*c - 8051 - 3167 = -2*a, c = 2*a - 11243. What are the prime factors of a?
3, 1873
Let p(y) = -y**3 - 125*y**2 - 243*y + 1160. What are the prime factors of p(-125)?
5, 7, 17, 53
Let s = -3401 - -5597. Suppose 0 = -3*f + o - 2*o + s, 0 = 5*f - 5*o - 3640. What are the prime factors of f?
17, 43
Let d = -126 + 128. Suppose -5*v + o = -1579, -v + 2*o + 946 = d*v. What are the prime factors of v?
2, 79
Suppose 44*p - 933199 = -49943. What are the prime factors of p?
2, 10037
Let i(m) = -233*m - 5. Let n be i(-2). List the prime factors of (n/2)/((-1)/2 + 1).
461
Suppose 0 = 2*m - n - 66, -3*m = -6*n + n - 113. Suppose m = -3*f - 26. Let x = f + 70. What are the prime factors of x?
3, 17
Let h(s) = -s**3 + s**2 - s - 2. Suppose 11*r = 9*r. Let p be h(r). List the prime factors of (-6 + 3 - p) + 152.
151
Let h(l) = -l**3 + 15*l**2 - 3*l - 4. Let v be h(15). Let c = v + 73. What are the prime factors of c?
2, 3
Let h(m) = -2342*m + 1124. What are the prime factors of h(-21)?
2, 25153
What are the prime factors of 6*28/8 - -45949?
2, 5, 4597
Suppose -18*n - k + 4346 = -16*n, 2*k = 8. What are the prime factors of n?
13, 167
Suppose -l + 15507 = -5*n, -3*l + n = -4525 - 41912. List the prime factors of l.
3, 7, 11, 67
Suppose j + 4*u - 20312 = 0, -42749 - 38507 = -4*j - 12*u. What are the prime factors of j?
2, 5, 127
Suppose -6*n - 11 = -41. Suppose -n*o = -7*o - 246. Let f = o - -214. What are the prime factors of f?
7, 13
Let t(n) = -2*n**3 + 10*n**2 + 3*n + 7. Let j be t(-8). Suppose -3*d + 5*b - b = -969, 4*b = -5*d + j. List the prime factors of d.
3, 109
Let r be (-13 + (-13429)/26)/((-1)/2). Suppose -2*n + 85 = -r. List the prime factors of n.
2, 11, 13
Let z(a) = 11*a**3 - 64*a**2 + 34*a + 140. Let i(d) = 7*d**3 - 43*d**2 + 23*d + 94. Let q(c) = 8*i(c) - 5*z(c). List the prime factors of q(24).
2, 97
Suppose -k + 891 = 2*h + 2*h, -5*k = 4*h - 887. Let v = 29 + h. Suppose 28 = 4*b - 2*x - 228, -4*b = -x - v. List the prime factors of b.
2, 31
Let x be (-12)/(-20) + (660/(-25))/(-6). Suppose -5*b = 5*z - 6930, x*b + 4*z = 7161 - 236. List the prime factors of b.
1381
Let m(z) = 5 + 216*z + 44 + 81*z + 28*z + 5. What are the prime factors of m(5)?
23, 73
Suppose 395 + 98 = 3*k + u, -5*u + 639 = 4*k. Suppose 163*b + 57 = k*b. List the prime factors of b.
19
Suppose 2106 = 5*t + 3*o, -8*t + 12*t = 2*o + 1676. Suppose 421*a = t*a + 1488. What are the prime factors of a?
2, 3, 31
Let x = 12 + -8. Let i be (-1005)/(-6) - 2/x. Suppose -3*c + 102 = -c - v, 3*c + 2*v = i. What are the prime factors of c?
53
Let z(i) = i**2 - 20*i + 21. Let a be z(22). What are the prime factors of (2 + a/10)*2 - -3?
2, 5
Suppose b - 13 = y, -4*y - b + 30 - 107 = 0. Let i be 0/(-4 + y/(-3)). Suppose i = -2*q + 3*n + 139, -3*q + 190 = -4*n - 18. What are the prime factors of q?
2, 17
Let g = -1959 + 972. Let l = -46 + 55. What are the prime factors of g/(-14) - l/6?
3, 23
Suppose -13*q = 16*q - 25027. Suppose 3*s - z - q + 1 = 0, 3*z - 1171 = -4*s. What are the prime factors of s?
17
What are the prime factors of 0 - 2019120/(-28) - (15/(-35))/(-1)?
3, 13, 43
Let j(n) = -3*n**3 - 38*n**2 - 12*n - 59. Let z(q) = -5*q**3 - 56*q**2 - 18*q - 88. Let v(m) = 8*j(m) - 5*z(m). List the prime factors of v(25).
443
Let l be (-2189)/11*(-2 + 1 - 2). Suppose 4745 = 17*n + l. What are the prime factors of n?
2, 61
Suppose -106*k + 87*k = -80009. List the prime factors of k.
4211
Suppose 0 = -135*c + 116*c + 44422. Let z = c + -1372. List the prime factors of z.
2, 3, 7, 23
Let x be ((-1192)/30)/(-2) - (-42)/315. Let t = x + -18. Let r(g) = 37*g**2 - 3*g + 4. What are the prime factors of r(t)?
2, 73
Let k(g) = -130*g + 3751. What are the prime factors of k(0)?
11, 31
Suppose -8 = 10*j - 6*j. What are the prime factors of ((10280/15)/8)/(j/(-6))?
257
Let d = -488 - -996. Suppose 154 = b - d. What are the prime factors of b?
2, 331
Suppose 12 = -m + 5*m. Let r be (-1)/(10/6)*(-5 - 0). Suppose 5*w - r*i - 111 = -6, -i = m*w - 49. List the prime factors of w.
2, 3
Let b(o) = -811*o + 104. What are the prime factors of b(-26)?
2, 5, 13, 163
Let x = -3665 + 7978. List the prime factors of x.
19, 227
Suppose -8*h - 1330 = 774. Let j = -191 - h. What are the prime factors of j?
2, 3
Suppose 139188 = 4*i + 5*p, 41*i - 40*i = -4*p + 34775. List the prime factors of i.
34807
What are the prime factors of (600/125)/((-10)/(-5225))?
2, 3, 11, 19
Suppose 5281*k - 5292*k + 65417 = 0. What are the prime factors of k?
19, 313
Suppose z - 10337 = -4*t, 5*z - 3*t - 31026 = 2*z. List the prime factors of z.
3, 383
Let i(o) = -30*o + 2*o**2 + 30*o - 15*o**3 + 14*o**3 + 174. List the prime factors of i(0).
2, 3, 29
Suppose 12*y + 16*y = -y + 1017088. List the prime factors of y.
2, 137
Let g(i) = i**2 + 9*i + 18. Let j be g(-4). Let h be ((-23)/4*j)/((-2)/92). Let l = h + 745. What are the prime factors of l?
2, 3
Let l = 22411 - 6012. List the prime factors of l.
23, 31
Suppose 91*m + 60 = 97*m. Suppose -m*t + 6*t = -4*o - 1184, -2*o + 1508 = 5*t. What are the prime factors of t?
2, 3, 5
Let o be 0 - (-2 - -3)*-43. Let m be 3/(((-5)/(3 - 8))/7). Let a = o - m. List the prime factors of a.
2, 11
Let z(r) = -64*r - 1064. List the prime factors of z(-46).
2, 5, 47
Let f(o) = -6*o**3 - 20*o**2 - 21*o + 16. Let v(n) = 16*n - 32*n + n**3 + 15*n - n**2. Let g(c) = f(c) + 5*v(c). List the prime factors of g(-24).
2
Suppose 5*m - 19*m + 2520 = 0. Suppose -m*p - 755 = -185*p. What are the prime factors of p?
151
Let h(u) = -u**3 - 4*u**2 - 2*u - 9. Suppose 2*j = 2*t - 2, -4*t = -9*j + 6*j + 1. List the prime factors of h(j).
2, 13
Suppose -2*j = 0, 4*t - 4*j + 3*j - 84 = 0. Let m be -3 - -6*t/2. Suppose -l - m = -z - 2, 5*l = z - 46. What are the prime factors of z?
61
Let k be (-3 - (-51190)/8) + 5/20. Suppose -41*q = -29*q - k. What are the prime factors of q?
13, 41
Let m(u) = 8*u**2 - 41*u + 4. What are the prime factors of m(40)?
2, 2791
Let s = 312 + -66. Let a = -160 + s. What are the prime factors of a?
2, 43
What are the prime factors of 532*(19 - (19 + -17))?
2, 7, 17, 19
Let j = -40334 + 67162. List the p